243233
What are the prime factors of 1912152?
2, 3, 11, 7243
List the prime factors of 300037.
151, 1987
What are the prime factors of 2653020?
2, 3, 5, 17
List the prime factors of 2148399.
3, 11, 21701
List the prime factors of 4559456.
2, 11, 12953
What are the prime factors of 11982?
2, 3, 1997
What are the prime factors of 4353184?
2, 11, 83, 149
What are the prime factors of 24300252?
2, 3, 761, 887
List the prime factors of 1463722.
2, 13, 19, 2963
List the prime factors of 22406945.
5, 11, 23, 17713
What are the prime factors of 923075?
5, 36923
What are the prime factors of 1448714?
2, 227, 3191
List the prime factors of 7430832.
2, 3, 103, 167
List the prime factors of 4373838.
2, 3, 7, 19, 29
List the prime factors of 250808.
2, 107, 293
List the prime factors of 5189903.
41, 126583
What are the prime factors of 10021386?
2, 3, 59, 28309
List the prime factors of 225823.
13, 29, 599
What are the prime factors of 259651?
7, 757
List the prime factors of 340212.
2, 3, 28351
List the prime factors of 638968.
2, 11, 53, 137
List the prime factors of 14681563.
13, 37, 131, 233
What are the prime factors of 455769?
3, 89, 569
List the prime factors of 1732130.
2, 5, 17, 23, 443
What are the prime factors of 3812194?
2, 31, 61487
What are the prime factors of 1451644?
2, 362911
What are the prime factors of 251148?
2, 3, 20929
List the prime factors of 491758.
2, 19, 12941
What are the prime factors of 1720493?
67, 25679
What are the prime factors of 28777?
7, 4111
List the prime factors of 3843700.
2, 5, 7, 17, 19
What are the prime factors of 6846468?
2, 3, 570539
What are the prime factors of 7481325?
3, 5, 23, 4337
List the prime factors of 132809.
59, 2251
What are the prime factors of 302348?
2, 131, 577
What are the prime factors of 65654?
2, 17, 1931
What are the prime factors of 745851?
3, 29, 8573
List the prime factors of 240735.
3, 5, 11, 1459
What are the prime factors of 4033571?
4033571
What are the prime factors of 1167136?
2, 36473
What are the prime factors of 160633?
11, 17, 859
List the prime factors of 44914.
2, 17, 1321
What are the prime factors of 316339?
316339
What are the prime factors of 5378979?
3, 1009, 1777
What are the prime factors of 451569?
3, 150523
List the prime factors of 14466.
2, 3, 2411
List the prime factors of 921220.
2, 5, 46061
What are the prime factors of 2193990?
2, 3, 5, 73133
What are the prime factors of 12265?
5, 11, 223
What are the prime factors of 1152296?
2, 144037
What are the prime factors of 3279485?
5, 11, 59627
What are the prime factors of 850609?
23, 31, 1193
List the prime factors of 129289.
129289
List the prime factors of 31985872.
2, 947, 2111
List the prime factors of 246634.
2, 127, 971
What are the prime factors of 38425314?
2, 3, 37, 173087
List the prime factors of 1998062.
2, 11, 90821
What are the prime factors of 172594?
2, 86297
What are the prime factors of 13330416?
2, 3, 11, 25247
List the prime factors of 2218473.
3, 246497
List the prime factors of 3134711.
223, 14057
List the prime factors of 254459.
79, 3221
What are the prime factors of 813136?
2, 50821
What are the prime factors of 89266?
2, 44633
List the prime factors of 9249032.
2, 13, 6841
What are the prime factors of 526589?
7, 75227
List the prime factors of 1593266.
2, 796633
List the prime factors of 9213561.
3, 7, 29, 41
What are the prime factors of 343165?
5, 68633
What are the prime factors of 165588?
2, 3, 13799
List the prime factors of 151367.
37, 4091
What are the prime factors of 502989?
3, 167663
List the prime factors of 15261124.
2, 3815281
What are the prime factors of 321914?
2, 71, 2267
List the prime factors of 303494.
2, 43, 3529
List the prime factors of 9694596.
2, 3, 47, 17189
What are the prime factors of 130323?
3, 43441
List the prime factors of 255484.
2, 23, 2777
What are the prime factors of 1101648?
2, 3, 59, 389
What are the prime factors of 332875?
5, 2663
What are the prime factors of 16002485?
5, 547, 5851
What are the prime factors of 1567192?
2, 11, 1619
What are the prime factors of 59661?
3, 7, 947
List the prime factors of 1143938.
2, 571969
What are the prime factors of 114561?
3, 4243
What are the prime factors of 2357712?
2, 3, 7, 2339
List the prime factors of 333382.
2, 7, 23813
What are the prime factors of 7021110?
2, 3, 5, 227, 1031
List the prime factors of 111105.
3, 5, 823
What are the prime factors of 187595?
5, 17, 2207
What are the prime factors of 9621500?
2, 5, 7, 2749
List the prime factors of 231515.
5, 19, 2437
List the prime factors of 5971442.
2, 67, 44563
List the prime factors of 1657833.
3, 552611
What are the prime factors of 5612709?
3, 83, 22541
What are the prime factors of 22980900?
2, 3, 5, 76603
List the prime factors of 1028198.
2, 41, 12539
List the prime factors of 3274027.
23, 283, 503
What are the prime factors of 3752742?
2, 3, 7, 199, 449
List the prime factors of 788584.
2, 98573
List the prime factors of 7040955.
3, 5, 469397
What are the prime factors of 8951962?
2, 17, 263293
List the prime factors of 1507351.
23, 65537
List the prime factors of 1366485.
3, 5, 91099
List the prime factors of 33182026.
2, 1033, 16061
List the prime factors of 21741812.
2, 1213, 4481
What are the prime factors of 1569111?
3, 41, 12757
What are the prime factors of 8906829?
3, 47, 181, 349
List the prime factors of 218150.
2, 5, 4363
What are the prime factors of 763148?
2, 190787
What are the prime factors of 546770?
2, 5, 7, 73, 107
List the prime factors of 2867840.
2, 5, 4481
What are the prime factors of 35956?
2, 89, 101
List the prime factors of 3763653.
3, 19, 66029
List the prime factors of 515516.
2, 128879
What are the prime factors of 4294?
2, 19, 113
List the prime factors of 1135152.
2, 3, 7883
What are the prime factors of 6343487?
317, 20011
List the prime factors of 28145898.
2, 3, 11, 142151
List the prime factors of 380627.
13, 19, 23, 67
List the prime factors of 7550058.
2, 3, 1258343
List the prime factors of 38356.
2, 43, 223
List the prime factors of 872269.
872269
List the prime factors of 145253.
145253
What are the prime factors of 12946421?
12946421
List the prime factors of 18170143.
269, 67547
What are the prime factors of 233503?
239, 977
List the prime factors of 408954.
2, 3, 7, 13, 107
List the prime factors of 371619.
3, 157, 263
List the prime factors of 15795.
3, 5, 13
List the prime factors of 391936.
2, 1531
What are the prime factors of 4364610?
2, 3, 5, 145487
What are the prime factors of 4588645?
5, 917729
List the prime factors of 1524939.
3, 13, 61, 641
List the prime factors of 12825729.
3, 7, 79, 859
List the prime factors of 13585.
5, 11, 13, 19
What are the prime factors of 437626?
2, 7, 31259
List the prime factors of 259505.
5, 17, 43, 71
What are the prime factors of 218604?
2, 3, 18217
What are the prime factors of 1546980?
2, 3, 5, 19, 23, 59
List the prime factors of 293549.
23, 12763
List the prime factors of 637269.
3, 212423
What are the prime factors of 399576?
2, 3, 16649
What are the prime factors of 188853?
3, 7, 17, 23
What are the prime factors of 12754761?
3, 1531, 2777
What are the prime factors of 241821?
3, 97, 277
List the prime factors of 56177.
11, 5107
List the prime factors of 40150.
2, 5, 11, 73
What are the prime factors of 20405?
5, 7, 11, 53
List the prime factors of 6227508.
2, 3, 7, 17, 89
What are the prime factors of 1444368?
2, 3, 30091
List the prime factors of 181819.
11, 16529
What are the prime factors of 37795?
5, 7559
List the prime factors of 235944.
2, 3, 29, 113
List the prime factors of 6730856.
2, 11, 76487
List the prime factors of 62790.
2, 3, 5, 7, 13, 23
List the prime factors of 69144.
2, 3, 43, 67
List the prime factors of 13928725.
5, 41, 107, 127
What are the prime factors of 7289225?
5, 291569
List the prime factors of 5667770.
2, 5, 281, 2017
What are the prime factors of 2250420?
2, 3, 5, 37507
List the prime factors of 10351498.
2, 1259, 4111
What are the prime factors of 5971907?
709, 8423
List the prime factors of 307411.
13, 17, 107
List the prime factors of 389585.
5, 7, 11131
What are the prime factors of 24040177?
7, 3434311
What are the prime factors of 4172166?
2, 3, 31, 7477
What are the prime factors of 3154291?
7, 557, 8